{"id":478,"date":"2021-10-11T12:09:28","date_gmt":"2021-10-11T12:09:28","guid":{"rendered":"https:\/\/ehetovadnovenyeink.hu\/?page_id=478"},"modified":"2021-10-13T19:22:48","modified_gmt":"2021-10-13T19:22:48","slug":"conium-maculatum-foltos-burok","status":"publish","type":"page","link":"https:\/\/ehetovadnovenyeink.hu\/index.php\/conium-maculatum-foltos-burok\/","title":{"rendered":"Conium maculatum &#8211; foltos b\u00fcr\u00f6k"},"content":{"rendered":"<p>76. Conium maculatum &#8211; foltos b\u00fcr\u00f6k<\/p>\n<p>Haz\u00e1nkban gyakran el\u0151fordul\u00f3, az erny\u0151s\u00f6k csal\u00e1dj\u00e1ba tartoz\u00f3 m\u00e9rgez\u0151 n\u00f6v\u00e9ny. \u00datsz\u00e9li, \u00fcde gyomt\u00e1rsul\u00e1sok, mezsgy\u00e9k bolygat\u00e1sjelz\u0151 egy vagy k\u00e9t\u00e9ves n\u00f6v\u00e9nye. Termete el\u00e9rheti a 2,5 m-t. A n\u00f6v\u00e9ny minden r\u00e9sze kopasz, ellent\u00e9tben a csemegebaraboly sz\u0151r\u00f6s sz\u00e1r\u00e1val \u00e9s lev\u00e9lfon\u00e1k\u00e1val, b\u00fcd\u00f6s- eg\u00e9rszag\u00fa- n\u00f6v\u00e9ny. Sz\u00e1ra hengeres hamvassz\u00fcrke sz\u00edn\u0171, rajta lil\u00e1s-pirosas foltokkal. Levelei a barabolyhoz hasonl\u00f3an 2-4x sz\u00e1rnyasak, de lev\u00e9lfon\u00e1kuk csupasz \u00e9s a fels\u0151 levelek nem sz\u00e1lasak. Vir\u00e1gzata \u00f6sszetett erny\u0151, 3-5 gall\u00e9rlev\u00e9llel. Term\u00e9se ikerkaszat, a baraboly\u00e9val ellent\u00e9tben g\u00f6mb\u00f6ly\u0171, fel\u00fclet\u00e9n er\u0151sen ki\u00e1ll\u00f3, kem\u00e9ny, hull\u00e1mos \u00e9l\u0171 bord\u00e1kkal.<\/p>\n<p>Nem gy\u0171jthet\u0151. M\u00e9rgez\u0151! Csemegebarabollyal \u00f6sszet\u00e9veszthet\u0151.<\/p>\n<p>&nbsp;<\/p>\n<p><img loading=\"lazy\" decoding=\"async\" class=\"alignnone size-full wp-image-287\" src=\"https:\/\/ehetovadnovenyeink.hu\/wp-content\/uploads\/2021\/10\/mergezo_piktogram.png\" alt=\"\" width=\"131\" height=\"130\" \/><\/p>\n<p>&nbsp;<\/p>\n<figure id=\"attachment_582\" aria-describedby=\"caption-attachment-582\" style=\"width: 1200px\" class=\"wp-caption alignnone\"><img loading=\"lazy\" decoding=\"async\" class=\"wp-image-582 size-large\" src=\"https:\/\/ehetovadnovenyeink.hu\/wp-content\/uploads\/2021\/10\/conium_maculatum1-1200x800.jpg\" alt=\"\" width=\"1200\" height=\"800\" srcset=\"https:\/\/ehetovadnovenyeink.hu\/wp-content\/uploads\/2021\/10\/conium_maculatum1-1200x800.jpg 1200w, https:\/\/ehetovadnovenyeink.hu\/wp-content\/uploads\/2021\/10\/conium_maculatum1-300x200.jpg 300w, https:\/\/ehetovadnovenyeink.hu\/wp-content\/uploads\/2021\/10\/conium_maculatum1-768x512.jpg 768w, https:\/\/ehetovadnovenyeink.hu\/wp-content\/uploads\/2021\/10\/conium_maculatum1-1536x1024.jpg 1536w, https:\/\/ehetovadnovenyeink.hu\/wp-content\/uploads\/2021\/10\/conium_maculatum1.jpg 1800w\" sizes=\"(max-width: 1200px) 100vw, 1200px\" \/><figcaption id=\"caption-attachment-582\" class=\"wp-caption-text\"><i>Conium maculatum<\/i> at Bluff Springs, Sacramento Mountains, Otero County, New Mexico, 12 Jun 2010.<\/figcaption><\/figure>\n<figure id=\"attachment_583\" aria-describedby=\"caption-attachment-583\" style=\"width: 1200px\" class=\"wp-caption alignnone\"><img loading=\"lazy\" decoding=\"async\" class=\"wp-image-583 size-large\" src=\"https:\/\/ehetovadnovenyeink.hu\/wp-content\/uploads\/2021\/10\/conium_maculatum2-1200x800.jpg\" alt=\"\" width=\"1200\" height=\"800\" srcset=\"https:\/\/ehetovadnovenyeink.hu\/wp-content\/uploads\/2021\/10\/conium_maculatum2-1200x800.jpg 1200w, https:\/\/ehetovadnovenyeink.hu\/wp-content\/uploads\/2021\/10\/conium_maculatum2-300x200.jpg 300w, https:\/\/ehetovadnovenyeink.hu\/wp-content\/uploads\/2021\/10\/conium_maculatum2-768x512.jpg 768w, https:\/\/ehetovadnovenyeink.hu\/wp-content\/uploads\/2021\/10\/conium_maculatum2-1536x1024.jpg 1536w, https:\/\/ehetovadnovenyeink.hu\/wp-content\/uploads\/2021\/10\/conium_maculatum2.jpg 1800w\" sizes=\"(max-width: 1200px) 100vw, 1200px\" \/><figcaption id=\"caption-attachment-583\" class=\"wp-caption-text\"><a href=\"https:\/\/www.flickr.com\/photos\/aspidoscelis\/4706414215\/in\/photostream\/\"><i>Conium maculatum<\/i>, Karr Canyon Road on the east side of High Rolls, Sacramento Mountains, Otero County, New Mexico, 12 Jun 2010.<\/a><\/figcaption><\/figure>\n<figure id=\"attachment_584\" aria-describedby=\"caption-attachment-584\" style=\"width: 1200px\" class=\"wp-caption alignnone\"><img loading=\"lazy\" decoding=\"async\" class=\"wp-image-584 size-large\" src=\"https:\/\/ehetovadnovenyeink.hu\/wp-content\/uploads\/2021\/10\/conium_maculatum3-1200x800.jpg\" alt=\"\" width=\"1200\" height=\"800\" srcset=\"https:\/\/ehetovadnovenyeink.hu\/wp-content\/uploads\/2021\/10\/conium_maculatum3-1200x800.jpg 1200w, https:\/\/ehetovadnovenyeink.hu\/wp-content\/uploads\/2021\/10\/conium_maculatum3-300x200.jpg 300w, https:\/\/ehetovadnovenyeink.hu\/wp-content\/uploads\/2021\/10\/conium_maculatum3-768x512.jpg 768w, https:\/\/ehetovadnovenyeink.hu\/wp-content\/uploads\/2021\/10\/conium_maculatum3-1536x1024.jpg 1536w, https:\/\/ehetovadnovenyeink.hu\/wp-content\/uploads\/2021\/10\/conium_maculatum3.jpg 1800w\" sizes=\"(max-width: 1200px) 100vw, 1200px\" \/><figcaption id=\"caption-attachment-584\" class=\"wp-caption-text\"><i>Conium maculatum<\/i>, Karr Canyon Road on the east side of High Rolls, Sacramento Mountains, Otero County, New Mexico, 12 Jun 2010.<\/figcaption><\/figure>\n<figure id=\"attachment_585\" aria-describedby=\"caption-attachment-585\" style=\"width: 737px\" class=\"wp-caption alignnone\"><img loading=\"lazy\" decoding=\"async\" class=\"wp-image-585 size-large\" src=\"https:\/\/ehetovadnovenyeink.hu\/wp-content\/uploads\/2021\/10\/conium_maculatum-737x1200.jpg\" alt=\"\" width=\"737\" height=\"1200\" srcset=\"https:\/\/ehetovadnovenyeink.hu\/wp-content\/uploads\/2021\/10\/conium_maculatum-737x1200.jpg 737w, https:\/\/ehetovadnovenyeink.hu\/wp-content\/uploads\/2021\/10\/conium_maculatum-184x300.jpg 184w, https:\/\/ehetovadnovenyeink.hu\/wp-content\/uploads\/2021\/10\/conium_maculatum-768x1251.jpg 768w, https:\/\/ehetovadnovenyeink.hu\/wp-content\/uploads\/2021\/10\/conium_maculatum-943x1536.jpg 943w, https:\/\/ehetovadnovenyeink.hu\/wp-content\/uploads\/2021\/10\/conium_maculatum-1257x2048.jpg 1257w, https:\/\/ehetovadnovenyeink.hu\/wp-content\/uploads\/2021\/10\/conium_maculatum-scaled.jpg 1571w\" sizes=\"(max-width: 737px) 100vw, 737px\" \/><figcaption id=\"caption-attachment-585\" class=\"wp-caption-text\"><a href=\"https:\/\/www.biodiversitylibrary.org\/item\/39907#page\/545\/mode\/1up\">Billeder af nordens flora. v.1<\/a><br \/>K\u00f8benhavn,G.E.C. Gad&#8217;s forlag,1917-1927.<br \/>http:\/\/biodiversitylibrary.org\/item\/39907<\/figcaption><\/figure>\n","protected":false},"excerpt":{"rendered":"<p>76. Conium maculatum &#8211; foltos b\u00fcr\u00f6k Haz\u00e1nkban gyakran el\u0151fordul\u00f3, az erny\u0151s\u00f6k csal\u00e1dj\u00e1ba tartoz\u00f3 m\u00e9rgez\u0151 n\u00f6v\u00e9ny. \u00datsz\u00e9li, \u00fcde gyomt\u00e1rsul\u00e1sok, mezsgy\u00e9k bolygat\u00e1sjelz\u0151 egy vagy k\u00e9t\u00e9ves n\u00f6v\u00e9nye. Termete el\u00e9rheti a 2,5 m-t. A n\u00f6v\u00e9ny minden r\u00e9sze kopasz, ellent\u00e9tben a csemegebaraboly sz\u0151r\u00f6s sz\u00e1r\u00e1val \u00e9s lev\u00e9lfon\u00e1k\u00e1val, b\u00fcd\u00f6s- eg\u00e9rszag\u00fa- n\u00f6v\u00e9ny. Sz\u00e1ra hengeres hamvassz\u00fcrke sz\u00edn\u0171, rajta lil\u00e1s-pirosas foltokkal. Levelei a barabolyhoz hasonl\u00f3an [&hellip;]<\/p>\n","protected":false},"author":1,"featured_media":0,"parent":0,"menu_order":0,"comment_status":"closed","ping_status":"closed","template":"","meta":{"_monsterinsights_skip_tracking":false,"_monsterinsights_sitenote_active":false,"_monsterinsights_sitenote_note":"","_monsterinsights_sitenote_category":0,"footnotes":""},"_links":{"self":[{"href":"https:\/\/ehetovadnovenyeink.hu\/index.php\/wp-json\/wp\/v2\/pages\/478"}],"collection":[{"href":"https:\/\/ehetovadnovenyeink.hu\/index.php\/wp-json\/wp\/v2\/pages"}],"about":[{"href":"https:\/\/ehetovadnovenyeink.hu\/index.php\/wp-json\/wp\/v2\/types\/page"}],"author":[{"embeddable":true,"href":"https:\/\/ehetovadnovenyeink.hu\/index.php\/wp-json\/wp\/v2\/users\/1"}],"replies":[{"embeddable":true,"href":"https:\/\/ehetovadnovenyeink.hu\/index.php\/wp-json\/wp\/v2\/comments?post=478"}],"version-history":[{"count":5,"href":"https:\/\/ehetovadnovenyeink.hu\/index.php\/wp-json\/wp\/v2\/pages\/478\/revisions"}],"predecessor-version":[{"id":589,"href":"https:\/\/ehetovadnovenyeink.hu\/index.php\/wp-json\/wp\/v2\/pages\/478\/revisions\/589"}],"wp:attachment":[{"href":"https:\/\/ehetovadnovenyeink.hu\/index.php\/wp-json\/wp\/v2\/media?parent=478"}],"curies":[{"name":"wp","href":"https:\/\/api.w.org\/{rel}","templated":true}]}}