{"id":466,"date":"2021-10-11T12:05:45","date_gmt":"2021-10-11T12:05:45","guid":{"rendered":"https:\/\/ehetovadnovenyeink.hu\/?page_id=466"},"modified":"2021-10-15T13:04:22","modified_gmt":"2021-10-15T13:04:22","slug":"ficaria-verna-salataboglarka","status":"publish","type":"page","link":"https:\/\/ehetovadnovenyeink.hu\/index.php\/ficaria-verna-salataboglarka\/","title":{"rendered":"Ficaria verna \u2013 sal\u00e1tabogl\u00e1rka"},"content":{"rendered":"<p>72. Ficaria verna \u2013 sal\u00e1tabogl\u00e1rka<\/p>\n<p>A bogl\u00e1rkaf\u00e9l\u00e9k csal\u00e1dj\u00e1ba tartoz\u00f3 faj. Levelei kopaszak, f\u00e9nyes-z\u00f6ldek, sz\u00edves-kerekded vagy sz\u00e9les-toj\u00e1sdad alak\u00faak, sz\u00e9l\u00fck \u00e9p vagy csipk\u00e9s. Haz\u00e1nkban k\u00e9t el\u0151fordul\u00f3 alfaj\u00e1t k\u00fcl\u00f6n\u00edtj\u00fck el. A nagyobb, 5-40 cm termet\u0171, \u00e1rnyas erd\u0151kben, cserj\u00e9sekben, parkokban megtal\u00e1lhat\u00f3 F. verna subsp. bulbilifera vir\u00e1gz\u00f3 sz\u00e1r\u00e1n 2-4 lev\u00e9l tal\u00e1lhat\u00f3 \u00e9s elvir\u00e1gz\u00e1s ut\u00e1n a n\u00f6v\u00e9ny leveleinek h\u00f3nalj\u00e1ban sarjgum\u00f3csk\u00e1k k\u00e9pz\u0151dnek. Term\u00e9sei gyakran l\u00e9h\u00e1k, szaporod\u00e1sa vegetat\u00edv \u00faton t\u00f6rt\u00e9nik. A F. verna subsp. calthifolius termete 3-10 cm k\u00f6z\u00f6tti, f\u00e9lsz\u00e1raz gyepek, erd\u0151szeg\u00e9lyek, cserj\u00e9sek n\u00f6v\u00e9nye. A n\u00f6v\u00e9ny levelei t\u0151lev\u00e9lr\u00f3zs\u00e1t k\u00e9peznek, a vir\u00e1gz\u00f3 sz\u00e1ron nincsenek levelek, valamint sarjgum\u00f3csk\u00e1k sem k\u00e9pz\u0151dnek. Ivaros \u00faton szaporod\u00f3 n\u00f6v\u00e9ny, sok \u00e9s eg\u00e9szs\u00e9ges term\u00e9sk\u00e9je fejl\u0151dik. Levelei f\u00e9nytelenek ellent\u00e9tben a subsp. bulbilifera zs\u00edrosan f\u00e9nyl\u0151 lev\u00e9llemezeivel. Mindk\u00e9t alfaj vir\u00e1ga 20-35 mm \u00e1tm\u00e9r\u0151j\u0171, s\u00e1rga sz\u00edn\u0171, 3-5 cs\u00e9szelev\u00e9lb\u0151l \u00e9s 7-13 sziromlev\u00e9lb\u0151l \u00e1ll\u00f3. Levelei levesnek fogyaszthat\u00f3k.<\/p>\n<p>Mikor gy\u0171jthet\u0151: kora tavasszal<\/p>\n<p>&nbsp;<\/p>\n<p><img loading=\"lazy\" decoding=\"async\" class=\"alignnone size-full wp-image-749\" src=\"https:\/\/ehetovadnovenyeink.hu\/wp-content\/uploads\/2021\/10\/Ficariaverna0273.jpg\" alt=\"\" width=\"1200\" height=\"900\" srcset=\"https:\/\/ehetovadnovenyeink.hu\/wp-content\/uploads\/2021\/10\/Ficariaverna0273.jpg 1200w, https:\/\/ehetovadnovenyeink.hu\/wp-content\/uploads\/2021\/10\/Ficariaverna0273-300x225.jpg 300w, https:\/\/ehetovadnovenyeink.hu\/wp-content\/uploads\/2021\/10\/Ficariaverna0273-768x576.jpg 768w\" sizes=\"(max-width: 1200px) 100vw, 1200px\" \/><\/p>\n<figure id=\"attachment_751\" aria-describedby=\"caption-attachment-751\" style=\"width: 956px\" class=\"wp-caption alignnone\"><img loading=\"lazy\" decoding=\"async\" class=\"size-full wp-image-751\" src=\"https:\/\/ehetovadnovenyeink.hu\/wp-content\/uploads\/2021\/10\/ficaria_verna.jpg\" alt=\"\" width=\"956\" height=\"752\" srcset=\"https:\/\/ehetovadnovenyeink.hu\/wp-content\/uploads\/2021\/10\/ficaria_verna.jpg 956w, https:\/\/ehetovadnovenyeink.hu\/wp-content\/uploads\/2021\/10\/ficaria_verna-300x236.jpg 300w, https:\/\/ehetovadnovenyeink.hu\/wp-content\/uploads\/2021\/10\/ficaria_verna-768x604.jpg 768w\" sizes=\"(max-width: 956px) 100vw, 956px\" \/><figcaption id=\"caption-attachment-751\" class=\"wp-caption-text\">Lesser celandine or fig buttercup (<em>Ranunculus ficaria<\/em>) is a non-native invasive plant threatening dozens of U.S. states.<br \/><a href=\"https:\/\/www.flickr.com\/photos\/natureserve\/15341233927\/in\/photolist-pnDQne-puTyiG-xBkT3W-odijUS-oy6xY4-y97Ff5-yrrawR-wMGCmF-xhHEAW-dMmRmK-ouzZeK-9CyuuL-ouWJPE-xQwUb3-x1zZsk-wPJtyQ-xTYM7x-wPRo9i-oeRRHT-xDfXkd-xqzUbJ-owt1Ev-ycqV7s-ouzfmh-yeKm5z-ovb6vT-xECNtx-wNvewE-xHciZX-owtXWp-xEFtgZ-xSoBWB-ouhyGo-xmSuFj-abN8TY-abc7Ah-24Azw6P-owdYQK-xRCTAC-odYM2H-xqzApy-xCF6NT-xtDh8s-wMthWp-rpgJWf-xHmV43-qszzV4-xBUMfr-xXNiuF-x1fdH2\">Photographer<\/a>: Milo Pyne, courtesy of NatureServe<\/figcaption><\/figure>\n","protected":false},"excerpt":{"rendered":"<p>72. Ficaria verna \u2013 sal\u00e1tabogl\u00e1rka A bogl\u00e1rkaf\u00e9l\u00e9k csal\u00e1dj\u00e1ba tartoz\u00f3 faj. Levelei kopaszak, f\u00e9nyes-z\u00f6ldek, sz\u00edves-kerekded vagy sz\u00e9les-toj\u00e1sdad alak\u00faak, sz\u00e9l\u00fck \u00e9p vagy csipk\u00e9s. Haz\u00e1nkban k\u00e9t el\u0151fordul\u00f3 alfaj\u00e1t k\u00fcl\u00f6n\u00edtj\u00fck el. A nagyobb, 5-40 cm termet\u0171, \u00e1rnyas erd\u0151kben, cserj\u00e9sekben, parkokban megtal\u00e1lhat\u00f3 F. verna subsp. bulbilifera vir\u00e1gz\u00f3 sz\u00e1r\u00e1n 2-4 lev\u00e9l tal\u00e1lhat\u00f3 \u00e9s elvir\u00e1gz\u00e1s ut\u00e1n a n\u00f6v\u00e9ny leveleinek h\u00f3nalj\u00e1ban sarjgum\u00f3csk\u00e1k k\u00e9pz\u0151dnek. [&hellip;]<\/p>\n","protected":false},"author":1,"featured_media":0,"parent":0,"menu_order":0,"comment_status":"closed","ping_status":"closed","template":"","meta":{"_monsterinsights_skip_tracking":false,"_monsterinsights_sitenote_active":false,"_monsterinsights_sitenote_note":"","_monsterinsights_sitenote_category":0,"footnotes":""},"_links":{"self":[{"href":"https:\/\/ehetovadnovenyeink.hu\/index.php\/wp-json\/wp\/v2\/pages\/466"}],"collection":[{"href":"https:\/\/ehetovadnovenyeink.hu\/index.php\/wp-json\/wp\/v2\/pages"}],"about":[{"href":"https:\/\/ehetovadnovenyeink.hu\/index.php\/wp-json\/wp\/v2\/types\/page"}],"author":[{"embeddable":true,"href":"https:\/\/ehetovadnovenyeink.hu\/index.php\/wp-json\/wp\/v2\/users\/1"}],"replies":[{"embeddable":true,"href":"https:\/\/ehetovadnovenyeink.hu\/index.php\/wp-json\/wp\/v2\/comments?post=466"}],"version-history":[{"count":3,"href":"https:\/\/ehetovadnovenyeink.hu\/index.php\/wp-json\/wp\/v2\/pages\/466\/revisions"}],"predecessor-version":[{"id":752,"href":"https:\/\/ehetovadnovenyeink.hu\/index.php\/wp-json\/wp\/v2\/pages\/466\/revisions\/752"}],"wp:attachment":[{"href":"https:\/\/ehetovadnovenyeink.hu\/index.php\/wp-json\/wp\/v2\/media?parent=466"}],"curies":[{"name":"wp","href":"https:\/\/api.w.org\/{rel}","templated":true}]}}