{"id":407,"date":"2021-10-11T11:47:22","date_gmt":"2021-10-11T11:47:22","guid":{"rendered":"https:\/\/ehetovadnovenyeink.hu\/?page_id=407"},"modified":"2021-10-17T11:56:13","modified_gmt":"2021-10-17T11:56:13","slug":"rubus-fruticosus-foldi-szeder","status":"publish","type":"page","link":"https:\/\/ehetovadnovenyeink.hu\/index.php\/rubus-fruticosus-foldi-szeder\/","title":{"rendered":"Rubus fruticosus &#8211; f\u00f6ldi szeder"},"content":{"rendered":"<p>61. Rubus fruticosus &#8211; f\u00f6ldi szeder, vadszeder<\/p>\n<p>\u0150shonos, 0,5-3 m k\u00f6z\u00f6tti cserje, b\u00fckk\u00f6s\u00f6k, szurdokerd\u0151k, erd\u0151sz\u00e9lek, v\u00e1g\u00e1ster\u00fcletek, szeg\u00e9lyboz\u00f3tosok n\u00f6v\u00e9nye. Hajt\u00e1sa er\u0151teljes, \u00edvesen lehajl\u00f3 vagy a f\u00f6ld\u00f6n k\u00fasz\u00f3, csak t\u00fcsk\u00e9k vagy a t\u00fcsk\u00e9k mellett sert\u00e9kkel \u00e9s mirigysz\u0151r\u00f6kkel fedett. Levelei tenyeresen \u00f6sszetettek, 3-5 lev\u00e9lk\u00e9b\u0151l \u00e1llnak, a lev\u00e9lk\u00e9k hossz\u00fanyel\u0171ek, sz\u00e9l\u00fck nem fedi egym\u00e1st. Sz\u00edn\u00fck fel\u00fcl \u00e1ltal\u00e1ban s\u00f6t\u00e9tz\u00f6ld, fon\u00e1kjuk k\u00fcl\u00f6nb\u00f6z\u0151 m\u00e9rt\u00e9kben sz\u0151r\u00f6s. A szirom feh\u00e9r, r\u00f3zsasz\u00edn\u0171 vagy pirosl\u00f3, sz\u00e9t\u00e1ll\u00f3, \u00e1ltal\u00e1ban vissz\u00e1s toj\u00e1sdad. Term\u00e9se csoportos csonth\u00e9jas term\u00e9s, melyben a r\u00e9szterm\u00e9sek egym\u00e1ssal szorosan \u00e9rintkeznek, f\u00e9nyesfeket\u00e9k, l\u00e9d\u00fasak, \u00e9des-savanyk\u00e1s \u00edz\u0171ek.<\/p>\n<p>Mikor gy\u0171jthet\u0151: \u0151sszel rendszerint okt\u00f3berben, az els\u0151 fagyok be\u00e1llta el\u0151tt<\/p>\n<p>&nbsp;<\/p>\n<p><img loading=\"lazy\" decoding=\"async\" class=\"alignnone size-full wp-image-918\" src=\"https:\/\/ehetovadnovenyeink.hu\/wp-content\/uploads\/2021\/10\/rubus_fruticosus-1_WEB0400.jpg\" alt=\"\" width=\"1200\" height=\"800\" srcset=\"https:\/\/ehetovadnovenyeink.hu\/wp-content\/uploads\/2021\/10\/rubus_fruticosus-1_WEB0400.jpg 1200w, https:\/\/ehetovadnovenyeink.hu\/wp-content\/uploads\/2021\/10\/rubus_fruticosus-1_WEB0400-300x200.jpg 300w, https:\/\/ehetovadnovenyeink.hu\/wp-content\/uploads\/2021\/10\/rubus_fruticosus-1_WEB0400-768x512.jpg 768w\" sizes=\"(max-width: 1200px) 100vw, 1200px\" \/> <img loading=\"lazy\" decoding=\"async\" class=\"alignnone size-full wp-image-919\" src=\"https:\/\/ehetovadnovenyeink.hu\/wp-content\/uploads\/2021\/10\/rubus_fruticosus-8_WEB0415.jpg\" alt=\"\" width=\"1200\" height=\"800\" srcset=\"https:\/\/ehetovadnovenyeink.hu\/wp-content\/uploads\/2021\/10\/rubus_fruticosus-8_WEB0415.jpg 1200w, https:\/\/ehetovadnovenyeink.hu\/wp-content\/uploads\/2021\/10\/rubus_fruticosus-8_WEB0415-300x200.jpg 300w, https:\/\/ehetovadnovenyeink.hu\/wp-content\/uploads\/2021\/10\/rubus_fruticosus-8_WEB0415-768x512.jpg 768w\" sizes=\"(max-width: 1200px) 100vw, 1200px\" \/> <img loading=\"lazy\" decoding=\"async\" class=\"alignnone size-full wp-image-920\" src=\"https:\/\/ehetovadnovenyeink.hu\/wp-content\/uploads\/2021\/10\/rubus_fruticosus-10_WEB0401.jpg\" alt=\"\" width=\"1200\" height=\"800\" srcset=\"https:\/\/ehetovadnovenyeink.hu\/wp-content\/uploads\/2021\/10\/rubus_fruticosus-10_WEB0401.jpg 1200w, https:\/\/ehetovadnovenyeink.hu\/wp-content\/uploads\/2021\/10\/rubus_fruticosus-10_WEB0401-300x200.jpg 300w, https:\/\/ehetovadnovenyeink.hu\/wp-content\/uploads\/2021\/10\/rubus_fruticosus-10_WEB0401-768x512.jpg 768w\" sizes=\"(max-width: 1200px) 100vw, 1200px\" \/> <img loading=\"lazy\" decoding=\"async\" class=\"alignnone size-full wp-image-917\" src=\"https:\/\/ehetovadnovenyeink.hu\/wp-content\/uploads\/2021\/10\/rubus_fruticosus-13_WEB0404.jpg\" alt=\"\" width=\"1200\" height=\"800\" srcset=\"https:\/\/ehetovadnovenyeink.hu\/wp-content\/uploads\/2021\/10\/rubus_fruticosus-13_WEB0404.jpg 1200w, https:\/\/ehetovadnovenyeink.hu\/wp-content\/uploads\/2021\/10\/rubus_fruticosus-13_WEB0404-300x200.jpg 300w, https:\/\/ehetovadnovenyeink.hu\/wp-content\/uploads\/2021\/10\/rubus_fruticosus-13_WEB0404-768x512.jpg 768w\" sizes=\"(max-width: 1200px) 100vw, 1200px\" \/><\/p>\n","protected":false},"excerpt":{"rendered":"<p>61. Rubus fruticosus &#8211; f\u00f6ldi szeder, vadszeder \u0150shonos, 0,5-3 m k\u00f6z\u00f6tti cserje, b\u00fckk\u00f6s\u00f6k, szurdokerd\u0151k, erd\u0151sz\u00e9lek, v\u00e1g\u00e1ster\u00fcletek, szeg\u00e9lyboz\u00f3tosok n\u00f6v\u00e9nye. Hajt\u00e1sa er\u0151teljes, \u00edvesen lehajl\u00f3 vagy a f\u00f6ld\u00f6n k\u00fasz\u00f3, csak t\u00fcsk\u00e9k vagy a t\u00fcsk\u00e9k mellett sert\u00e9kkel \u00e9s mirigysz\u0151r\u00f6kkel fedett. Levelei tenyeresen \u00f6sszetettek, 3-5 lev\u00e9lk\u00e9b\u0151l \u00e1llnak, a lev\u00e9lk\u00e9k hossz\u00fanyel\u0171ek, sz\u00e9l\u00fck nem fedi egym\u00e1st. Sz\u00edn\u00fck fel\u00fcl \u00e1ltal\u00e1ban s\u00f6t\u00e9tz\u00f6ld, fon\u00e1kjuk k\u00fcl\u00f6nb\u00f6z\u0151 [&hellip;]<\/p>\n","protected":false},"author":1,"featured_media":0,"parent":0,"menu_order":0,"comment_status":"closed","ping_status":"closed","template":"","meta":{"_monsterinsights_skip_tracking":false,"_monsterinsights_sitenote_active":false,"_monsterinsights_sitenote_note":"","_monsterinsights_sitenote_category":0,"footnotes":""},"_links":{"self":[{"href":"https:\/\/ehetovadnovenyeink.hu\/index.php\/wp-json\/wp\/v2\/pages\/407"}],"collection":[{"href":"https:\/\/ehetovadnovenyeink.hu\/index.php\/wp-json\/wp\/v2\/pages"}],"about":[{"href":"https:\/\/ehetovadnovenyeink.hu\/index.php\/wp-json\/wp\/v2\/types\/page"}],"author":[{"embeddable":true,"href":"https:\/\/ehetovadnovenyeink.hu\/index.php\/wp-json\/wp\/v2\/users\/1"}],"replies":[{"embeddable":true,"href":"https:\/\/ehetovadnovenyeink.hu\/index.php\/wp-json\/wp\/v2\/comments?post=407"}],"version-history":[{"count":4,"href":"https:\/\/ehetovadnovenyeink.hu\/index.php\/wp-json\/wp\/v2\/pages\/407\/revisions"}],"predecessor-version":[{"id":921,"href":"https:\/\/ehetovadnovenyeink.hu\/index.php\/wp-json\/wp\/v2\/pages\/407\/revisions\/921"}],"wp:attachment":[{"href":"https:\/\/ehetovadnovenyeink.hu\/index.php\/wp-json\/wp\/v2\/media?parent=407"}],"curies":[{"name":"wp","href":"https:\/\/api.w.org\/{rel}","templated":true}]}}