{"id":401,"date":"2021-10-11T11:45:31","date_gmt":"2021-10-11T11:45:31","guid":{"rendered":"https:\/\/ehetovadnovenyeink.hu\/?page_id=401"},"modified":"2021-11-02T09:26:59","modified_gmt":"2021-11-02T09:26:59","slug":"humulus-lupulus-felfuto-komlo","status":"publish","type":"page","link":"https:\/\/ehetovadnovenyeink.hu\/index.php\/humulus-lupulus-felfuto-komlo\/","title":{"rendered":"Humulus lupulus &#8211; felfut\u00f3 koml\u00f3"},"content":{"rendered":"<p>59. Humulus lupulus &#8211; felfut\u00f3 koml\u00f3<\/p>\n<p>\u0150shonos \u00e9szaki m\u00e9rs\u00e9kelt \u00e9g\u00f6vi, gy\u00f6kt\u00f6rzses, k\u00fasz\u00f3 \u00e9vel\u0151, k\u00e9tlaki faj. Liget \u00e9s l\u00e1perd\u0151k, nedves cserj\u00e9sek n\u00f6v\u00e9nye, termesztik is gy\u00f3gyszer illetve s\u00f6rgy\u00e1rt\u00e1si alapanyagnak. Ak\u00e1r 15 m magasra is felkapaszkodhat, l\u00e1gysz\u00e1ra jobbra tekered\u0151 sz\u00e1rkacs, akaszkod\u00f3, horgas kapaszkod\u00f3sz\u0151r\u00f6kkel. Levelei keresztben \u00e1tellenesen \u00e1llnak, jellemz\u0151 a heterofilia (felem\u00e1s-level\u0171s\u00e9g), \u00edgy a term\u0151s p\u00e9ld\u00e1nyok fels\u0151 levelei tagolatlanok, az als\u00f3k 3-5 kar\u00e9josak, hasadtak. Sz\u00e9l\u00fck durv\u00e1n sz\u00e1lk\u00e1s-fogas, a lev\u00e9l fel\u00fcl apr\u00f3 mirigysz\u0151r\u00f6kt\u0151l \u00e9rdes, fon\u00e1k\u00e1n \u00fcl\u0151 s\u00e1rga mirigyek vannak. A vir\u00e1gzatok a lev\u00e9lh\u00f3naljban ny\u00edlnak, a term\u0151s vir\u00e1gzat murvalevelei &#8222;tobozk\u00e1t&#8221; alkotnak, a tobozszer\u0171 term\u00e9s\u00e1gazat \u00e9r\u00e9skor megnagyobbodik, murv\u00e1i mirigyesek, hegyesek, de nem sz\u00e1lk\u00e1sak. Term\u00e9se apr\u00f3 makkterm\u00e9s. Fiatal hajt\u00e1saib\u00f3l leves, f\u0151zel\u00e9k k\u00e9sz\u00edthet\u0151, term\u0151s vir\u00e1gait r\u00e9gen keny\u00e9rkov\u00e1szhoz haszn\u00e1lt\u00e1k, valamint a s\u00f6rk\u00e9sz\u00edt\u00e9s \u00edzt ad\u00f3 alapanyaga.<\/p>\n<p>Mikor gy\u0171jthet\u0151: fiatal leveleit hajt\u00e1sait kora tavasszal<\/p>\n<p>&nbsp;<\/p>\n<p><img loading=\"lazy\" decoding=\"async\" class=\"alignnone size-full wp-image-784\" src=\"https:\/\/ehetovadnovenyeink.hu\/wp-content\/uploads\/2021\/10\/humulus_lupulus-10_WEB0181.jpg\" alt=\"\" width=\"1200\" height=\"800\" srcset=\"https:\/\/ehetovadnovenyeink.hu\/wp-content\/uploads\/2021\/10\/humulus_lupulus-10_WEB0181.jpg 1200w, https:\/\/ehetovadnovenyeink.hu\/wp-content\/uploads\/2021\/10\/humulus_lupulus-10_WEB0181-300x200.jpg 300w, https:\/\/ehetovadnovenyeink.hu\/wp-content\/uploads\/2021\/10\/humulus_lupulus-10_WEB0181-768x512.jpg 768w\" sizes=\"(max-width: 1200px) 100vw, 1200px\" \/> <img loading=\"lazy\" decoding=\"async\" class=\"alignnone size-full wp-image-786\" src=\"https:\/\/ehetovadnovenyeink.hu\/wp-content\/uploads\/2021\/10\/humulus_lupulus-4_WEB0187.jpg\" alt=\"\" width=\"1200\" height=\"800\" srcset=\"https:\/\/ehetovadnovenyeink.hu\/wp-content\/uploads\/2021\/10\/humulus_lupulus-4_WEB0187.jpg 1200w, https:\/\/ehetovadnovenyeink.hu\/wp-content\/uploads\/2021\/10\/humulus_lupulus-4_WEB0187-300x200.jpg 300w, https:\/\/ehetovadnovenyeink.hu\/wp-content\/uploads\/2021\/10\/humulus_lupulus-4_WEB0187-768x512.jpg 768w\" sizes=\"(max-width: 1200px) 100vw, 1200px\" \/> <img loading=\"lazy\" decoding=\"async\" class=\"alignnone size-full wp-image-787\" src=\"https:\/\/ehetovadnovenyeink.hu\/wp-content\/uploads\/2021\/10\/humulus_lupulus-6_WEB0189.jpg\" alt=\"\" width=\"1200\" height=\"800\" srcset=\"https:\/\/ehetovadnovenyeink.hu\/wp-content\/uploads\/2021\/10\/humulus_lupulus-6_WEB0189.jpg 1200w, https:\/\/ehetovadnovenyeink.hu\/wp-content\/uploads\/2021\/10\/humulus_lupulus-6_WEB0189-300x200.jpg 300w, https:\/\/ehetovadnovenyeink.hu\/wp-content\/uploads\/2021\/10\/humulus_lupulus-6_WEB0189-768x512.jpg 768w\" sizes=\"(max-width: 1200px) 100vw, 1200px\" \/><\/p>\n<p><img loading=\"lazy\" decoding=\"async\" class=\"alignnone size-full wp-image-1156\" src=\"https:\/\/ehetovadnovenyeink.hu\/wp-content\/uploads\/2021\/11\/komlo\u0301-fiatal-hhajta\u0301s.jpg\" alt=\"\" width=\"1200\" height=\"801\" srcset=\"https:\/\/ehetovadnovenyeink.hu\/wp-content\/uploads\/2021\/11\/komlo\u0301-fiatal-hhajta\u0301s.jpg 1200w, https:\/\/ehetovadnovenyeink.hu\/wp-content\/uploads\/2021\/11\/komlo\u0301-fiatal-hhajta\u0301s-300x200.jpg 300w, https:\/\/ehetovadnovenyeink.hu\/wp-content\/uploads\/2021\/11\/komlo\u0301-fiatal-hhajta\u0301s-768x513.jpg 768w\" sizes=\"(max-width: 1200px) 100vw, 1200px\" \/><\/p>\n<p><img loading=\"lazy\" decoding=\"async\" class=\"alignnone size-full wp-image-785\" src=\"https:\/\/ehetovadnovenyeink.hu\/wp-content\/uploads\/2021\/10\/humulus_lupulus-2_WEB0185.jpg\" alt=\"\" width=\"1200\" height=\"800\" srcset=\"https:\/\/ehetovadnovenyeink.hu\/wp-content\/uploads\/2021\/10\/humulus_lupulus-2_WEB0185.jpg 1200w, https:\/\/ehetovadnovenyeink.hu\/wp-content\/uploads\/2021\/10\/humulus_lupulus-2_WEB0185-300x200.jpg 300w, https:\/\/ehetovadnovenyeink.hu\/wp-content\/uploads\/2021\/10\/humulus_lupulus-2_WEB0185-768x512.jpg 768w\" sizes=\"(max-width: 1200px) 100vw, 1200px\" \/><\/p>\n","protected":false},"excerpt":{"rendered":"<p>59. Humulus lupulus &#8211; felfut\u00f3 koml\u00f3 \u0150shonos \u00e9szaki m\u00e9rs\u00e9kelt \u00e9g\u00f6vi, gy\u00f6kt\u00f6rzses, k\u00fasz\u00f3 \u00e9vel\u0151, k\u00e9tlaki faj. Liget \u00e9s l\u00e1perd\u0151k, nedves cserj\u00e9sek n\u00f6v\u00e9nye, termesztik is gy\u00f3gyszer illetve s\u00f6rgy\u00e1rt\u00e1si alapanyagnak. Ak\u00e1r 15 m magasra is felkapaszkodhat, l\u00e1gysz\u00e1ra jobbra tekered\u0151 sz\u00e1rkacs, akaszkod\u00f3, horgas kapaszkod\u00f3sz\u0151r\u00f6kkel. Levelei keresztben \u00e1tellenesen \u00e1llnak, jellemz\u0151 a heterofilia (felem\u00e1s-level\u0171s\u00e9g), \u00edgy a term\u0151s p\u00e9ld\u00e1nyok fels\u0151 levelei tagolatlanok, [&hellip;]<\/p>\n","protected":false},"author":1,"featured_media":0,"parent":0,"menu_order":0,"comment_status":"closed","ping_status":"closed","template":"","meta":{"_monsterinsights_skip_tracking":false,"_monsterinsights_sitenote_active":false,"_monsterinsights_sitenote_note":"","_monsterinsights_sitenote_category":0,"footnotes":""},"_links":{"self":[{"href":"https:\/\/ehetovadnovenyeink.hu\/index.php\/wp-json\/wp\/v2\/pages\/401"}],"collection":[{"href":"https:\/\/ehetovadnovenyeink.hu\/index.php\/wp-json\/wp\/v2\/pages"}],"about":[{"href":"https:\/\/ehetovadnovenyeink.hu\/index.php\/wp-json\/wp\/v2\/types\/page"}],"author":[{"embeddable":true,"href":"https:\/\/ehetovadnovenyeink.hu\/index.php\/wp-json\/wp\/v2\/users\/1"}],"replies":[{"embeddable":true,"href":"https:\/\/ehetovadnovenyeink.hu\/index.php\/wp-json\/wp\/v2\/comments?post=401"}],"version-history":[{"count":4,"href":"https:\/\/ehetovadnovenyeink.hu\/index.php\/wp-json\/wp\/v2\/pages\/401\/revisions"}],"predecessor-version":[{"id":1157,"href":"https:\/\/ehetovadnovenyeink.hu\/index.php\/wp-json\/wp\/v2\/pages\/401\/revisions\/1157"}],"wp:attachment":[{"href":"https:\/\/ehetovadnovenyeink.hu\/index.php\/wp-json\/wp\/v2\/media?parent=401"}],"curies":[{"name":"wp","href":"https:\/\/api.w.org\/{rel}","templated":true}]}}