{"id":385,"date":"2021-10-11T11:40:13","date_gmt":"2021-10-11T11:40:13","guid":{"rendered":"https:\/\/ehetovadnovenyeink.hu\/?page_id=385"},"modified":"2021-10-17T12:24:14","modified_gmt":"2021-10-17T12:24:14","slug":"vitis-riparia-parti-szolo","status":"publish","type":"page","link":"https:\/\/ehetovadnovenyeink.hu\/index.php\/vitis-riparia-parti-szolo\/","title":{"rendered":"Vitis riparia &#8211; parti sz\u0151l\u0151"},"content":{"rendered":"<p>55. Vitis riparia &#8211; parti sz\u0151l\u0151<\/p>\n<p>Kelet-\u00e9s \u00e9szak-amerikai sz\u00e1rmaz\u00e1s\u00fa advent\u00edv faj, sz\u00e1mtalan hibridje megtal\u00e1lhat\u00f3 a termeszt\u00e9sben. F\u00e1s li\u00e1n, amelynek magass\u00e1ga a 20 m-t is el\u00e9rheti. A vessz\u0151k\u00f6n, a vadsz\u0151l\u0151kkel ellent\u00e9tben, nincsenek paraszem\u00f6lcs\u00f6k, az id\u0151sebb hajt\u00e1sok h\u00e9jk\u00e9rge rostosan, hossz\u00e1ban lev\u00e1l\u00f3. A levelek sz\u00edves-toj\u00e1sdad alak\u00faak, a lev\u00e9lfogak hossz\u00faak \u00e9s hegyesek, a cs\u00facsi fogak a t\u00f6bbin\u00e9l j\u00f3val hosszabbak \u00e9s felt\u0171n\u0151en sarl\u00f3san g\u00f6rb\u00fcltek, \u201el\u00e1ng\u201d form\u00e1t k\u00e9peznek. A lev\u00e9llemez 3-5 kar\u00e9j\u00fa, az \u00f6ldal\u00f6bl\u00f6k \u00e1ltal\u00e1ban sek\u00e9lyek, a v\u00e1ll\u00f6b\u00f6l sz\u00e9les &#8222;U&#8221; alak\u00fa, sz\u00edne vil\u00e1gosz\u00f6ld, kopasz, fon\u00e1ka gy\u00e9ren sertesz\u0151r\u00f6s, lemeze v\u00e9kony, \u0151sszel s\u00e1rg\u00e1ra sz\u00ednez\u0151dik. Az \u00f6sszetett f\u00fcrtvir\u00e1gzat vir\u00e1gai egyivar\u00faak. A bogy\u00f3k 4-6 mm \u00e1tm\u00e9r\u0151j\u0171ek, k\u00e9kesfekete sz\u00edn\u0171ek, fest\u0151lev\u0171 sz\u0151l\u0151faj, melyet legink\u00e1bb alanyk\u00e9nt haszn\u00e1lnak.<\/p>\n<p>Mikor gy\u0171jthet\u0151: \u0151sszel<\/p>\n<p>&nbsp;<\/p>\n<p><img loading=\"lazy\" decoding=\"async\" class=\"alignnone size-full wp-image-940\" src=\"https:\/\/ehetovadnovenyeink.hu\/wp-content\/uploads\/2021\/10\/Vitis_riparia-8_WEB0492.jpg\" alt=\"\" width=\"1200\" height=\"800\" srcset=\"https:\/\/ehetovadnovenyeink.hu\/wp-content\/uploads\/2021\/10\/Vitis_riparia-8_WEB0492.jpg 1200w, https:\/\/ehetovadnovenyeink.hu\/wp-content\/uploads\/2021\/10\/Vitis_riparia-8_WEB0492-300x200.jpg 300w, https:\/\/ehetovadnovenyeink.hu\/wp-content\/uploads\/2021\/10\/Vitis_riparia-8_WEB0492-768x512.jpg 768w\" sizes=\"(max-width: 1200px) 100vw, 1200px\" \/> <img loading=\"lazy\" decoding=\"async\" class=\"alignnone size-full wp-image-939\" src=\"https:\/\/ehetovadnovenyeink.hu\/wp-content\/uploads\/2021\/10\/Vitis_riparia-1_WEB0486.jpg\" alt=\"\" width=\"1200\" height=\"800\" srcset=\"https:\/\/ehetovadnovenyeink.hu\/wp-content\/uploads\/2021\/10\/Vitis_riparia-1_WEB0486.jpg 1200w, https:\/\/ehetovadnovenyeink.hu\/wp-content\/uploads\/2021\/10\/Vitis_riparia-1_WEB0486-300x200.jpg 300w, https:\/\/ehetovadnovenyeink.hu\/wp-content\/uploads\/2021\/10\/Vitis_riparia-1_WEB0486-768x512.jpg 768w\" sizes=\"(max-width: 1200px) 100vw, 1200px\" \/> <img loading=\"lazy\" decoding=\"async\" class=\"alignnone size-full wp-image-938\" src=\"https:\/\/ehetovadnovenyeink.hu\/wp-content\/uploads\/2021\/10\/vitis_riparia_WEB0626.jpg\" alt=\"\" width=\"800\" height=\"1200\" srcset=\"https:\/\/ehetovadnovenyeink.hu\/wp-content\/uploads\/2021\/10\/vitis_riparia_WEB0626.jpg 800w, https:\/\/ehetovadnovenyeink.hu\/wp-content\/uploads\/2021\/10\/vitis_riparia_WEB0626-200x300.jpg 200w, https:\/\/ehetovadnovenyeink.hu\/wp-content\/uploads\/2021\/10\/vitis_riparia_WEB0626-768x1152.jpg 768w\" sizes=\"(max-width: 800px) 100vw, 800px\" \/> <img loading=\"lazy\" decoding=\"async\" class=\"alignnone wp-image-937 size-large\" src=\"https:\/\/ehetovadnovenyeink.hu\/wp-content\/uploads\/2021\/10\/vitis_riparia-897x1200.jpg\" alt=\"\" width=\"897\" height=\"1200\" srcset=\"https:\/\/ehetovadnovenyeink.hu\/wp-content\/uploads\/2021\/10\/vitis_riparia-897x1200.jpg 897w, https:\/\/ehetovadnovenyeink.hu\/wp-content\/uploads\/2021\/10\/vitis_riparia-224x300.jpg 224w, https:\/\/ehetovadnovenyeink.hu\/wp-content\/uploads\/2021\/10\/vitis_riparia-768x1027.jpg 768w, https:\/\/ehetovadnovenyeink.hu\/wp-content\/uploads\/2021\/10\/vitis_riparia-1148x1536.jpg 1148w, https:\/\/ehetovadnovenyeink.hu\/wp-content\/uploads\/2021\/10\/vitis_riparia.jpg 1227w\" sizes=\"(max-width: 897px) 100vw, 897px\" \/><\/p>\n<p><a href=\"https:\/\/www.flickr.com\/photos\/biodivlibrary\/30096983036\/in\/photolist-MRyUuC-tnHTqu-of1dYJ-tjYjtW-ovUN9o-otR8iN-oxe9Cg-t6M17v-otqgBb-ouiVor-vt65fL-x2Ry3f-xJnRDT-xG7a11-SKWTK1-xrPsRG-xFY9B1-waqeCJ-wMveH6-wMqd2F-tnkFjk-xioUdL-xrF8po-wMmRDd-wMKPKH-rpiiCt-odLgKv-xjW8NE-tCB25f-tCLqhj-tMurNu-ydWdSE-xFQsky-x2jxiE-rvQC2W-xXeCFj-waqf79-xjJmbB-xG7bPm-wCE5Gg-xSjsVs-xrE7oX-xyGZY7-xrLs5h-x2UgLc-xAHfGd-x3p579-roEgjG-xMUMjY-wZGE2E\">Vitis riparia<\/a> &#8211; parti sz\u0151l\u0151<\/p>\n","protected":false},"excerpt":{"rendered":"<p>55. Vitis riparia &#8211; parti sz\u0151l\u0151 Kelet-\u00e9s \u00e9szak-amerikai sz\u00e1rmaz\u00e1s\u00fa advent\u00edv faj, sz\u00e1mtalan hibridje megtal\u00e1lhat\u00f3 a termeszt\u00e9sben. F\u00e1s li\u00e1n, amelynek magass\u00e1ga a 20 m-t is el\u00e9rheti. A vessz\u0151k\u00f6n, a vadsz\u0151l\u0151kkel ellent\u00e9tben, nincsenek paraszem\u00f6lcs\u00f6k, az id\u0151sebb hajt\u00e1sok h\u00e9jk\u00e9rge rostosan, hossz\u00e1ban lev\u00e1l\u00f3. A levelek sz\u00edves-toj\u00e1sdad alak\u00faak, a lev\u00e9lfogak hossz\u00faak \u00e9s hegyesek, a cs\u00facsi fogak a t\u00f6bbin\u00e9l j\u00f3val hosszabbak [&hellip;]<\/p>\n","protected":false},"author":1,"featured_media":0,"parent":0,"menu_order":0,"comment_status":"closed","ping_status":"closed","template":"","meta":{"_monsterinsights_skip_tracking":false,"_monsterinsights_sitenote_active":false,"_monsterinsights_sitenote_note":"","_monsterinsights_sitenote_category":0,"footnotes":""},"_links":{"self":[{"href":"https:\/\/ehetovadnovenyeink.hu\/index.php\/wp-json\/wp\/v2\/pages\/385"}],"collection":[{"href":"https:\/\/ehetovadnovenyeink.hu\/index.php\/wp-json\/wp\/v2\/pages"}],"about":[{"href":"https:\/\/ehetovadnovenyeink.hu\/index.php\/wp-json\/wp\/v2\/types\/page"}],"author":[{"embeddable":true,"href":"https:\/\/ehetovadnovenyeink.hu\/index.php\/wp-json\/wp\/v2\/users\/1"}],"replies":[{"embeddable":true,"href":"https:\/\/ehetovadnovenyeink.hu\/index.php\/wp-json\/wp\/v2\/comments?post=385"}],"version-history":[{"count":3,"href":"https:\/\/ehetovadnovenyeink.hu\/index.php\/wp-json\/wp\/v2\/pages\/385\/revisions"}],"predecessor-version":[{"id":942,"href":"https:\/\/ehetovadnovenyeink.hu\/index.php\/wp-json\/wp\/v2\/pages\/385\/revisions\/942"}],"wp:attachment":[{"href":"https:\/\/ehetovadnovenyeink.hu\/index.php\/wp-json\/wp\/v2\/media?parent=385"}],"curies":[{"name":"wp","href":"https:\/\/api.w.org\/{rel}","templated":true}]}}