{"id":263,"date":"2021-10-11T10:49:06","date_gmt":"2021-10-11T10:49:06","guid":{"rendered":"https:\/\/ehetovadnovenyeink.hu\/?page_id=263"},"modified":"2021-10-17T17:03:11","modified_gmt":"2021-10-17T17:03:11","slug":"tilia-cordata-kislevelu-hars","status":"publish","type":"page","link":"https:\/\/ehetovadnovenyeink.hu\/index.php\/tilia-cordata-kislevelu-hars\/","title":{"rendered":"Tilia cordata &#8211; kislevel\u0171 h\u00e1rs"},"content":{"rendered":"<p>31. Tilia cordata &#8211; kislevel\u0171 h\u00e1rs<\/p>\n<p>\u0150shonos, \u00fcde lomberd\u0151k 25-40 m magasra n\u00f6v\u0151 f\u00e1ja. Kedvelt parkfa. Levelei kicsik 4-7 cm, kerekdedek, fon\u00e1kjuk k\u00e9kesz\u00f6ld, az \u00e9rzugokban rozsdav\u00f6r\u00f6s sz\u0151rk\u00e9pletekkel. Hirtelen kihegyezett lev\u00e9lcs\u00facs \u00e9s sz\u00edves v\u00e1ll jellemzi. A lev\u00e9l sz\u00e9le \u00e9lesen \u00e9s finoman f\u0171r\u00e9szes. Az \u00e1lerny\u0151 vir\u00e1gzat ferd\u00e9n fel\u00e1ll\u00f3, kicsi, sokvir\u00e1g\u00fa (5-11 vir\u00e1g). A makkterm\u00e9sek kocs\u00e1nya a hossz\u00fak\u00e1s rep\u00edt\u0151 murvalev\u00e9l legfeljebb harmad\u00e1ra n\u0151 r\u00e1. Vir\u00e1gzata a vir\u00e1gz\u00e1s kezdet\u00e9n a murvalev\u00e9llel egy\u00fctt te\u00e1nak gy\u0171jthet\u0151. K\u00f6h\u00f6g\u00e9scsillap\u00edt\u00f3, izzaszt\u00f3, hurutold\u00f3 hat\u00e1sa van. Az ez\u00fcst h\u00e1rs (Tilia tomentosa) levelei fon\u00e1kj\u00e1n ez\u00fcst\u00f6sen sz\u0151r\u00f6sek, ez a faj te\u00e1nak nem gy\u0171jthet\u0151. A nagylevel\u0171 h\u00e1rs (Tilia platyphyllos) fon\u00e1ki \u00e9rzugaiban feh\u00e9r vagy halv\u00e1nybarna sz\u0151rk\u00e9pletek tal\u00e1lhat\u00f3ak, a harmadrend\u0171 erek p\u00e1rhuzamosak.<\/p>\n<p>Mikor gy\u0171jthet\u0151: a vir\u00e1gzatok j\u00faniusban ny\u00edlnak<\/p>\n<p>&nbsp;<\/p>\n<p><img loading=\"lazy\" decoding=\"async\" class=\"alignnone size-full wp-image-944\" src=\"https:\/\/ehetovadnovenyeink.hu\/wp-content\/uploads\/2021\/10\/Tilia_cordata-9_WEB0617.jpg\" alt=\"\" width=\"800\" height=\"1200\" srcset=\"https:\/\/ehetovadnovenyeink.hu\/wp-content\/uploads\/2021\/10\/Tilia_cordata-9_WEB0617.jpg 800w, https:\/\/ehetovadnovenyeink.hu\/wp-content\/uploads\/2021\/10\/Tilia_cordata-9_WEB0617-200x300.jpg 200w, https:\/\/ehetovadnovenyeink.hu\/wp-content\/uploads\/2021\/10\/Tilia_cordata-9_WEB0617-768x1152.jpg 768w\" sizes=\"(max-width: 800px) 100vw, 800px\" \/> <img loading=\"lazy\" decoding=\"async\" class=\"alignnone size-full wp-image-945\" src=\"https:\/\/ehetovadnovenyeink.hu\/wp-content\/uploads\/2021\/10\/Tilia_cordata-7_WEB0454.jpg\" alt=\"\" width=\"1200\" height=\"800\" srcset=\"https:\/\/ehetovadnovenyeink.hu\/wp-content\/uploads\/2021\/10\/Tilia_cordata-7_WEB0454.jpg 1200w, https:\/\/ehetovadnovenyeink.hu\/wp-content\/uploads\/2021\/10\/Tilia_cordata-7_WEB0454-300x200.jpg 300w, https:\/\/ehetovadnovenyeink.hu\/wp-content\/uploads\/2021\/10\/Tilia_cordata-7_WEB0454-768x512.jpg 768w\" sizes=\"(max-width: 1200px) 100vw, 1200px\" \/> <img loading=\"lazy\" decoding=\"async\" class=\"alignnone size-full wp-image-946\" src=\"https:\/\/ehetovadnovenyeink.hu\/wp-content\/uploads\/2021\/10\/Tilia_cordata-8_WEB0455.jpg\" alt=\"\" width=\"1200\" height=\"800\" srcset=\"https:\/\/ehetovadnovenyeink.hu\/wp-content\/uploads\/2021\/10\/Tilia_cordata-8_WEB0455.jpg 1200w, https:\/\/ehetovadnovenyeink.hu\/wp-content\/uploads\/2021\/10\/Tilia_cordata-8_WEB0455-300x200.jpg 300w, https:\/\/ehetovadnovenyeink.hu\/wp-content\/uploads\/2021\/10\/Tilia_cordata-8_WEB0455-768x512.jpg 768w\" sizes=\"(max-width: 1200px) 100vw, 1200px\" \/><\/p>\n","protected":false},"excerpt":{"rendered":"<p>31. Tilia cordata &#8211; kislevel\u0171 h\u00e1rs \u0150shonos, \u00fcde lomberd\u0151k 25-40 m magasra n\u00f6v\u0151 f\u00e1ja. Kedvelt parkfa. Levelei kicsik 4-7 cm, kerekdedek, fon\u00e1kjuk k\u00e9kesz\u00f6ld, az \u00e9rzugokban rozsdav\u00f6r\u00f6s sz\u0151rk\u00e9pletekkel. Hirtelen kihegyezett lev\u00e9lcs\u00facs \u00e9s sz\u00edves v\u00e1ll jellemzi. A lev\u00e9l sz\u00e9le \u00e9lesen \u00e9s finoman f\u0171r\u00e9szes. Az \u00e1lerny\u0151 vir\u00e1gzat ferd\u00e9n fel\u00e1ll\u00f3, kicsi, sokvir\u00e1g\u00fa (5-11 vir\u00e1g). A makkterm\u00e9sek kocs\u00e1nya a hossz\u00fak\u00e1s [&hellip;]<\/p>\n","protected":false},"author":1,"featured_media":0,"parent":0,"menu_order":0,"comment_status":"closed","ping_status":"closed","template":"","meta":{"_monsterinsights_skip_tracking":false,"_monsterinsights_sitenote_active":false,"_monsterinsights_sitenote_note":"","_monsterinsights_sitenote_category":0,"footnotes":""},"_links":{"self":[{"href":"https:\/\/ehetovadnovenyeink.hu\/index.php\/wp-json\/wp\/v2\/pages\/263"}],"collection":[{"href":"https:\/\/ehetovadnovenyeink.hu\/index.php\/wp-json\/wp\/v2\/pages"}],"about":[{"href":"https:\/\/ehetovadnovenyeink.hu\/index.php\/wp-json\/wp\/v2\/types\/page"}],"author":[{"embeddable":true,"href":"https:\/\/ehetovadnovenyeink.hu\/index.php\/wp-json\/wp\/v2\/users\/1"}],"replies":[{"embeddable":true,"href":"https:\/\/ehetovadnovenyeink.hu\/index.php\/wp-json\/wp\/v2\/comments?post=263"}],"version-history":[{"count":3,"href":"https:\/\/ehetovadnovenyeink.hu\/index.php\/wp-json\/wp\/v2\/pages\/263\/revisions"}],"predecessor-version":[{"id":948,"href":"https:\/\/ehetovadnovenyeink.hu\/index.php\/wp-json\/wp\/v2\/pages\/263\/revisions\/948"}],"wp:attachment":[{"href":"https:\/\/ehetovadnovenyeink.hu\/index.php\/wp-json\/wp\/v2\/media?parent=263"}],"curies":[{"name":"wp","href":"https:\/\/api.w.org\/{rel}","templated":true}]}}