{"id":217,"date":"2021-10-11T10:31:34","date_gmt":"2021-10-11T10:31:34","guid":{"rendered":"https:\/\/ehetovadnovenyeink.hu\/?page_id=217"},"modified":"2021-10-14T20:13:40","modified_gmt":"2021-10-14T20:13:40","slug":"cichorium-intybus-mezei-katangkoro","status":"publish","type":"page","link":"https:\/\/ehetovadnovenyeink.hu\/index.php\/cichorium-intybus-mezei-katangkoro\/","title":{"rendered":"Cichorium intybus &#8211; mezei kat\u00e1ngk\u00f3r\u00f3"},"content":{"rendered":"<p>19. Cichorium intybus &#8211; mezei kat\u00e1ngk\u00f3r\u00f3<\/p>\n<p>\u0150shonos, a f\u00e9szekvir\u00e1gzat\u00faak csal\u00e1dj\u00e1ba tartoz\u00f3 faj. Termete 15-100 cm k\u00f6z\u00f6tti, sz\u00e1ra terpedten el\u00e1gaz\u00f3, a talajban vaskos, f\u00fcgg\u0151leges gy\u00f6kt\u00f6rzse van. T\u0151levelei nyelesek, vissz\u00e1s-toj\u00e1sdadok, l\u00e1ndzs\u00e1sak vagy kac\u00farosak, a sz\u00e1rlevelei sz\u00edves v\u00e1llal sz\u00e1r\u00f6lel\u0151k, a levelek fon\u00e1ka sertesz\u0151r\u00f6s. A f\u00e9szek 3-5 cm \u00e1tm\u00e9r\u0151j\u0171, a vir\u00e1gok \u00e9gsz\u00ednk\u00e9kek. Gy\u00f6ker\u00e9b\u0151l a cik\u00f3ria k\u00e1v\u00e9 k\u00e9sz\u00fclhet, fiatal leveleit, vir\u00e1gait sal\u00e1tak\u00e9nt lehet fogyasztani. R\u00e9gen sepr\u0171t k\u00e9sz\u00edtettek bel\u0151le vagy a kemenc\u00e9ben f\u0171t\u00e9sre gy\u0171jt\u00f6tt\u00e9k.<\/p>\n<p>Mikor gy\u0171jthet\u0151: a vir\u00e1gok j\u00faniust\u00f3l, a kar\u00f3gy\u00f6k\u00e9r \u0151sszel<\/p>\n<p>&nbsp;<\/p>\n<p><img loading=\"lazy\" decoding=\"async\" class=\"alignnone size-full wp-image-656\" src=\"https:\/\/ehetovadnovenyeink.hu\/wp-content\/uploads\/2021\/10\/cichorium_intybus-17_WEB0041.jpg\" alt=\"\" width=\"1200\" height=\"800\" srcset=\"https:\/\/ehetovadnovenyeink.hu\/wp-content\/uploads\/2021\/10\/cichorium_intybus-17_WEB0041.jpg 1200w, https:\/\/ehetovadnovenyeink.hu\/wp-content\/uploads\/2021\/10\/cichorium_intybus-17_WEB0041-300x200.jpg 300w, https:\/\/ehetovadnovenyeink.hu\/wp-content\/uploads\/2021\/10\/cichorium_intybus-17_WEB0041-768x512.jpg 768w\" sizes=\"(max-width: 1200px) 100vw, 1200px\" \/> <img loading=\"lazy\" decoding=\"async\" class=\"alignnone size-full wp-image-657\" src=\"https:\/\/ehetovadnovenyeink.hu\/wp-content\/uploads\/2021\/10\/cichorium_intybus-19_WEB0512.jpg\" alt=\"\" width=\"800\" height=\"1200\" srcset=\"https:\/\/ehetovadnovenyeink.hu\/wp-content\/uploads\/2021\/10\/cichorium_intybus-19_WEB0512.jpg 800w, https:\/\/ehetovadnovenyeink.hu\/wp-content\/uploads\/2021\/10\/cichorium_intybus-19_WEB0512-200x300.jpg 200w, https:\/\/ehetovadnovenyeink.hu\/wp-content\/uploads\/2021\/10\/cichorium_intybus-19_WEB0512-768x1152.jpg 768w\" sizes=\"(max-width: 800px) 100vw, 800px\" \/> <img loading=\"lazy\" decoding=\"async\" class=\"alignnone size-full wp-image-658\" src=\"https:\/\/ehetovadnovenyeink.hu\/wp-content\/uploads\/2021\/10\/cichorium_intybus-28_WEB0046.jpg\" alt=\"\" width=\"1200\" height=\"800\" srcset=\"https:\/\/ehetovadnovenyeink.hu\/wp-content\/uploads\/2021\/10\/cichorium_intybus-28_WEB0046.jpg 1200w, https:\/\/ehetovadnovenyeink.hu\/wp-content\/uploads\/2021\/10\/cichorium_intybus-28_WEB0046-300x200.jpg 300w, https:\/\/ehetovadnovenyeink.hu\/wp-content\/uploads\/2021\/10\/cichorium_intybus-28_WEB0046-768x512.jpg 768w\" sizes=\"(max-width: 1200px) 100vw, 1200px\" \/> <img loading=\"lazy\" decoding=\"async\" class=\"alignnone size-full wp-image-660\" src=\"https:\/\/ehetovadnovenyeink.hu\/wp-content\/uploads\/2021\/10\/cichorium_intybus-31_WEB0050.jpg\" alt=\"\" width=\"1200\" height=\"800\" srcset=\"https:\/\/ehetovadnovenyeink.hu\/wp-content\/uploads\/2021\/10\/cichorium_intybus-31_WEB0050.jpg 1200w, https:\/\/ehetovadnovenyeink.hu\/wp-content\/uploads\/2021\/10\/cichorium_intybus-31_WEB0050-300x200.jpg 300w, https:\/\/ehetovadnovenyeink.hu\/wp-content\/uploads\/2021\/10\/cichorium_intybus-31_WEB0050-768x512.jpg 768w\" sizes=\"(max-width: 1200px) 100vw, 1200px\" \/><\/p>\n<p><img loading=\"lazy\" decoding=\"async\" class=\"alignnone size-full wp-image-663\" src=\"https:\/\/ehetovadnovenyeink.hu\/wp-content\/uploads\/2021\/10\/cichorium_intybus-3_WEB0048.jpg\" alt=\"\" width=\"1200\" height=\"800\" srcset=\"https:\/\/ehetovadnovenyeink.hu\/wp-content\/uploads\/2021\/10\/cichorium_intybus-3_WEB0048.jpg 1200w, https:\/\/ehetovadnovenyeink.hu\/wp-content\/uploads\/2021\/10\/cichorium_intybus-3_WEB0048-300x200.jpg 300w, https:\/\/ehetovadnovenyeink.hu\/wp-content\/uploads\/2021\/10\/cichorium_intybus-3_WEB0048-768x512.jpg 768w\" sizes=\"(max-width: 1200px) 100vw, 1200px\" \/> <img loading=\"lazy\" decoding=\"async\" class=\"alignnone size-full wp-image-664\" src=\"https:\/\/ehetovadnovenyeink.hu\/wp-content\/uploads\/2021\/10\/cichorium_intybus-7_WEB0054.jpg\" alt=\"\" width=\"1200\" height=\"800\" srcset=\"https:\/\/ehetovadnovenyeink.hu\/wp-content\/uploads\/2021\/10\/cichorium_intybus-7_WEB0054.jpg 1200w, https:\/\/ehetovadnovenyeink.hu\/wp-content\/uploads\/2021\/10\/cichorium_intybus-7_WEB0054-300x200.jpg 300w, https:\/\/ehetovadnovenyeink.hu\/wp-content\/uploads\/2021\/10\/cichorium_intybus-7_WEB0054-768x512.jpg 768w\" sizes=\"(max-width: 1200px) 100vw, 1200px\" \/><\/p>\n<figure id=\"attachment_662\" aria-describedby=\"caption-attachment-662\" style=\"width: 1264px\" class=\"wp-caption alignnone\"><img loading=\"lazy\" decoding=\"async\" class=\"size-full wp-image-662\" src=\"https:\/\/ehetovadnovenyeink.hu\/wp-content\/uploads\/2021\/10\/cichorium_intybus.jpg\" alt=\"\" width=\"1264\" height=\"1907\" srcset=\"https:\/\/ehetovadnovenyeink.hu\/wp-content\/uploads\/2021\/10\/cichorium_intybus.jpg 1264w, https:\/\/ehetovadnovenyeink.hu\/wp-content\/uploads\/2021\/10\/cichorium_intybus-199x300.jpg 199w, https:\/\/ehetovadnovenyeink.hu\/wp-content\/uploads\/2021\/10\/cichorium_intybus-795x1200.jpg 795w, https:\/\/ehetovadnovenyeink.hu\/wp-content\/uploads\/2021\/10\/cichorium_intybus-768x1159.jpg 768w, https:\/\/ehetovadnovenyeink.hu\/wp-content\/uploads\/2021\/10\/cichorium_intybus-1018x1536.jpg 1018w\" sizes=\"(max-width: 1264px) 100vw, 1264px\" \/><figcaption id=\"caption-attachment-662\" class=\"wp-caption-text\">Farm weeds of Canada<br \/>Ottawa :Dept. of Agriculture,1923<br \/><a href=\"http:\/\/biodiversitylibrary.org\/item\/67750\">http:\/\/biodiversitylibrary.org\/item\/67750<\/a><\/figcaption><\/figure>\n","protected":false},"excerpt":{"rendered":"<p>19. Cichorium intybus &#8211; mezei kat\u00e1ngk\u00f3r\u00f3 \u0150shonos, a f\u00e9szekvir\u00e1gzat\u00faak csal\u00e1dj\u00e1ba tartoz\u00f3 faj. Termete 15-100 cm k\u00f6z\u00f6tti, sz\u00e1ra terpedten el\u00e1gaz\u00f3, a talajban vaskos, f\u00fcgg\u0151leges gy\u00f6kt\u00f6rzse van. T\u0151levelei nyelesek, vissz\u00e1s-toj\u00e1sdadok, l\u00e1ndzs\u00e1sak vagy kac\u00farosak, a sz\u00e1rlevelei sz\u00edves v\u00e1llal sz\u00e1r\u00f6lel\u0151k, a levelek fon\u00e1ka sertesz\u0151r\u00f6s. A f\u00e9szek 3-5 cm \u00e1tm\u00e9r\u0151j\u0171, a vir\u00e1gok \u00e9gsz\u00ednk\u00e9kek. Gy\u00f6ker\u00e9b\u0151l a cik\u00f3ria k\u00e1v\u00e9 k\u00e9sz\u00fclhet, fiatal leveleit, [&hellip;]<\/p>\n","protected":false},"author":1,"featured_media":0,"parent":0,"menu_order":0,"comment_status":"closed","ping_status":"closed","template":"","meta":{"_monsterinsights_skip_tracking":false,"_monsterinsights_sitenote_active":false,"_monsterinsights_sitenote_note":"","_monsterinsights_sitenote_category":0,"footnotes":""},"_links":{"self":[{"href":"https:\/\/ehetovadnovenyeink.hu\/index.php\/wp-json\/wp\/v2\/pages\/217"}],"collection":[{"href":"https:\/\/ehetovadnovenyeink.hu\/index.php\/wp-json\/wp\/v2\/pages"}],"about":[{"href":"https:\/\/ehetovadnovenyeink.hu\/index.php\/wp-json\/wp\/v2\/types\/page"}],"author":[{"embeddable":true,"href":"https:\/\/ehetovadnovenyeink.hu\/index.php\/wp-json\/wp\/v2\/users\/1"}],"replies":[{"embeddable":true,"href":"https:\/\/ehetovadnovenyeink.hu\/index.php\/wp-json\/wp\/v2\/comments?post=217"}],"version-history":[{"count":3,"href":"https:\/\/ehetovadnovenyeink.hu\/index.php\/wp-json\/wp\/v2\/pages\/217\/revisions"}],"predecessor-version":[{"id":665,"href":"https:\/\/ehetovadnovenyeink.hu\/index.php\/wp-json\/wp\/v2\/pages\/217\/revisions\/665"}],"wp:attachment":[{"href":"https:\/\/ehetovadnovenyeink.hu\/index.php\/wp-json\/wp\/v2\/media?parent=217"}],"curies":[{"name":"wp","href":"https:\/\/api.w.org\/{rel}","templated":true}]}}