{"id":214,"date":"2021-10-11T10:30:42","date_gmt":"2021-10-11T10:30:42","guid":{"rendered":"https:\/\/ehetovadnovenyeink.hu\/?page_id=214"},"modified":"2021-10-23T14:12:07","modified_gmt":"2021-10-23T14:12:07","slug":"prunus-mahaleb-sajmeggy","status":"publish","type":"page","link":"https:\/\/ehetovadnovenyeink.hu\/index.php\/prunus-mahaleb-sajmeggy\/","title":{"rendered":"Prunus mahaleb &#8211; sajmeggy"},"content":{"rendered":"<p>18. Prunus mahaleb &#8211; sajmeggy, t\u00f6r\u00f6kmeggy<\/p>\n<p>\u0150shonos, cserje vagy kisebb f\u00e1v\u00e1 n\u00f6v\u0151 faj. K\u00e9rg\u00e9n hosszanti reped\u00e9sek l\u00e1that\u00f3k, m\u00edg fiatal \u00e1gain, gallyain a k\u00e9reg sima fel\u00fclet\u0171, s\u00f6t\u00e9tbarna paraszem\u00f6lcs\u00f6kkel. Levelei f\u00e9nyes fel\u00fclet\u0171ek, kerekdedek vagy sz\u00e9les vissz\u00e1s-toj\u00e1sdad alak\u00faak, 4-6 cm hossz\u00faak. A lev\u00e9lsz\u00e9l finoman f\u0171r\u00e9szes. Vir\u00e1gzata 4-12 feh\u00e9r vir\u00e1gb\u00f3l \u00e1ll\u00f3 lev\u00e9lh\u00f3nalji s\u00e1toroz\u00f3 f\u00fcrt, lombfakad\u00e1ssal egyid\u0151ben ny\u00edlnak. A term\u00e9sek kicsik, \u00e9retten feket\u00e9k, egyszerre \u00e9desek \u00e9s keser\u0171ek. Lik\u0151r\u00f6k, italok \u00edzes\u00edt\u00e9s\u00e9re haszn\u00e1lj\u00e1k. Er\u0151s kumarin illatot \u00e1raszt\u00f3 f\u00e1j\u00e1t pipasz\u00e1r k\u00e9sz\u00edt\u00e9sre haszn\u00e1lj\u00e1k.<\/p>\n<p>Mikor gy\u0171jthet\u0151: j\u00fanius &#8211; j\u00falius<\/p>\n<p>&nbsp;<\/p>\n<p><img loading=\"lazy\" decoding=\"async\" class=\"alignnone size-full wp-image-968\" src=\"https:\/\/ehetovadnovenyeink.hu\/wp-content\/uploads\/2021\/10\/Sajmeggy7746.jpg\" alt=\"\" width=\"1200\" height=\"900\" srcset=\"https:\/\/ehetovadnovenyeink.hu\/wp-content\/uploads\/2021\/10\/Sajmeggy7746.jpg 1200w, https:\/\/ehetovadnovenyeink.hu\/wp-content\/uploads\/2021\/10\/Sajmeggy7746-300x225.jpg 300w, https:\/\/ehetovadnovenyeink.hu\/wp-content\/uploads\/2021\/10\/Sajmeggy7746-768x576.jpg 768w\" sizes=\"(max-width: 1200px) 100vw, 1200px\" \/> <img loading=\"lazy\" decoding=\"async\" class=\"alignnone size-full wp-image-969\" src=\"https:\/\/ehetovadnovenyeink.hu\/wp-content\/uploads\/2021\/10\/Sajmeggy7750.jpg\" alt=\"\" width=\"1200\" height=\"900\" srcset=\"https:\/\/ehetovadnovenyeink.hu\/wp-content\/uploads\/2021\/10\/Sajmeggy7750.jpg 1200w, https:\/\/ehetovadnovenyeink.hu\/wp-content\/uploads\/2021\/10\/Sajmeggy7750-300x225.jpg 300w, https:\/\/ehetovadnovenyeink.hu\/wp-content\/uploads\/2021\/10\/Sajmeggy7750-768x576.jpg 768w\" sizes=\"(max-width: 1200px) 100vw, 1200px\" \/><\/p>\n<p><img loading=\"lazy\" decoding=\"async\" class=\"alignnone size-full wp-image-1109\" src=\"https:\/\/ehetovadnovenyeink.hu\/wp-content\/uploads\/2021\/10\/Prunus_mahaleb-4_WEB.jpg\" alt=\"\" width=\"1200\" height=\"900\" srcset=\"https:\/\/ehetovadnovenyeink.hu\/wp-content\/uploads\/2021\/10\/Prunus_mahaleb-4_WEB.jpg 1200w, https:\/\/ehetovadnovenyeink.hu\/wp-content\/uploads\/2021\/10\/Prunus_mahaleb-4_WEB-300x225.jpg 300w, https:\/\/ehetovadnovenyeink.hu\/wp-content\/uploads\/2021\/10\/Prunus_mahaleb-4_WEB-768x576.jpg 768w\" sizes=\"(max-width: 1200px) 100vw, 1200px\" \/> <img loading=\"lazy\" decoding=\"async\" class=\"alignnone size-full wp-image-1110\" src=\"https:\/\/ehetovadnovenyeink.hu\/wp-content\/uploads\/2021\/10\/Prunus_mahaleb-1_WEB.jpg\" alt=\"\" width=\"1200\" height=\"900\" srcset=\"https:\/\/ehetovadnovenyeink.hu\/wp-content\/uploads\/2021\/10\/Prunus_mahaleb-1_WEB.jpg 1200w, https:\/\/ehetovadnovenyeink.hu\/wp-content\/uploads\/2021\/10\/Prunus_mahaleb-1_WEB-300x225.jpg 300w, https:\/\/ehetovadnovenyeink.hu\/wp-content\/uploads\/2021\/10\/Prunus_mahaleb-1_WEB-768x576.jpg 768w\" sizes=\"(max-width: 1200px) 100vw, 1200px\" \/><\/p>\n","protected":false},"excerpt":{"rendered":"<p>18. Prunus mahaleb &#8211; sajmeggy, t\u00f6r\u00f6kmeggy \u0150shonos, cserje vagy kisebb f\u00e1v\u00e1 n\u00f6v\u0151 faj. K\u00e9rg\u00e9n hosszanti reped\u00e9sek l\u00e1that\u00f3k, m\u00edg fiatal \u00e1gain, gallyain a k\u00e9reg sima fel\u00fclet\u0171, s\u00f6t\u00e9tbarna paraszem\u00f6lcs\u00f6kkel. Levelei f\u00e9nyes fel\u00fclet\u0171ek, kerekdedek vagy sz\u00e9les vissz\u00e1s-toj\u00e1sdad alak\u00faak, 4-6 cm hossz\u00faak. A lev\u00e9lsz\u00e9l finoman f\u0171r\u00e9szes. Vir\u00e1gzata 4-12 feh\u00e9r vir\u00e1gb\u00f3l \u00e1ll\u00f3 lev\u00e9lh\u00f3nalji s\u00e1toroz\u00f3 f\u00fcrt, lombfakad\u00e1ssal egyid\u0151ben ny\u00edlnak. A term\u00e9sek [&hellip;]<\/p>\n","protected":false},"author":1,"featured_media":0,"parent":0,"menu_order":0,"comment_status":"closed","ping_status":"closed","template":"","meta":{"_monsterinsights_skip_tracking":false,"_monsterinsights_sitenote_active":false,"_monsterinsights_sitenote_note":"","_monsterinsights_sitenote_category":0,"footnotes":""},"_links":{"self":[{"href":"https:\/\/ehetovadnovenyeink.hu\/index.php\/wp-json\/wp\/v2\/pages\/214"}],"collection":[{"href":"https:\/\/ehetovadnovenyeink.hu\/index.php\/wp-json\/wp\/v2\/pages"}],"about":[{"href":"https:\/\/ehetovadnovenyeink.hu\/index.php\/wp-json\/wp\/v2\/types\/page"}],"author":[{"embeddable":true,"href":"https:\/\/ehetovadnovenyeink.hu\/index.php\/wp-json\/wp\/v2\/users\/1"}],"replies":[{"embeddable":true,"href":"https:\/\/ehetovadnovenyeink.hu\/index.php\/wp-json\/wp\/v2\/comments?post=214"}],"version-history":[{"count":3,"href":"https:\/\/ehetovadnovenyeink.hu\/index.php\/wp-json\/wp\/v2\/pages\/214\/revisions"}],"predecessor-version":[{"id":1111,"href":"https:\/\/ehetovadnovenyeink.hu\/index.php\/wp-json\/wp\/v2\/pages\/214\/revisions\/1111"}],"wp:attachment":[{"href":"https:\/\/ehetovadnovenyeink.hu\/index.php\/wp-json\/wp\/v2\/media?parent=214"}],"curies":[{"name":"wp","href":"https:\/\/api.w.org\/{rel}","templated":true}]}}