{"id":201,"date":"2021-10-11T10:25:32","date_gmt":"2021-10-11T10:25:32","guid":{"rendered":"https:\/\/ehetovadnovenyeink.hu\/?page_id=201"},"modified":"2021-10-20T18:29:41","modified_gmt":"2021-10-20T18:29:41","slug":"typha-angustifolia-keskenylevelu-gyekeny","status":"publish","type":"page","link":"https:\/\/ehetovadnovenyeink.hu\/index.php\/typha-angustifolia-keskenylevelu-gyekeny\/","title":{"rendered":"Typha angustifolia \u2013 keskenylevel\u0171 gy\u00e9k\u00e9ny"},"content":{"rendered":"<p>16. Typha angustifolia \u2013 keskenylevel\u0171 gy\u00e9k\u00e9ny<\/p>\n<p>\u0150shonos faj, haz\u00e1nk eg\u00e9sz ter\u00fclet\u00e9n megtal\u00e1lhat\u00f3 gy\u00f6kt\u00f6rzses v\u00edzin\u00f6v\u00e9ny. Csatorn\u00e1k, n\u00e1dasok, mocsarak, l\u00e1pok \u00e1llom\u00e1nyalkot\u00f3 faja. Termete el\u00e9rheti a 2,5 m-es magass\u00e1got. Levelei s\u00f6t\u00e9tz\u00f6ld sz\u00edn\u0171ek, legfeljebb 10 mm sz\u00e9lesek, fon\u00e1kjuk er\u0151sen kidomborod\u00f3. Torzsa vir\u00e1gzat\u00e1ban a porz\u00f3s \u00e9s a term\u0151s vir\u00e1gokb\u00f3l \u00e1ll\u00f3 r\u00e9szek t\u00f6bb\u00e9-kev\u00e9sb\u00e9 egyforma 10-40 cm hossz\u00faak \u00e9s 1,5-3 cm sz\u00e9lesek. A vir\u00e1gzat als\u00f3 r\u00e9sz\u00e9n a term\u0151s vir\u00e1goknak apr\u00f3 pikkelyszer\u0171 murvalevelei vannak, m\u00edg a 3-8 cm-es tengelyr\u00e9sszel elk\u00fcl\u00f6n\u00fclve a fels\u0151 r\u00e9sz\u00e9n a porz\u00f3s vir\u00e1gok tal\u00e1lhat\u00f3k. A term\u00e9s makk, fonalas rep\u00edt\u0151k\u00e9sz\u00fcl\u00e9kkel. Gy\u00f6kt\u00f6rzse nyersen vagy f\u0151ve fogyaszthat\u00f3, fiatal hajt\u00e1sa sal\u00e1t\u00e1kban haszn\u00e1lhat\u00f3.<\/p>\n<p>Mikor gy\u0171jthet\u0151: tavaszi riz\u00f3m\u00e1it v\u00edzb\u0151l ki\u00e1sva r\u00e9gen is gy\u0171jt\u00f6tt\u00e9k<\/p>\n<p>&nbsp;<\/p>\n<p><img loading=\"lazy\" decoding=\"async\" class=\"alignnone size-full wp-image-1071\" src=\"https:\/\/ehetovadnovenyeink.hu\/wp-content\/uploads\/2021\/10\/typha_angustifolia-2_web.jpg\" alt=\"\" width=\"1200\" height=\"800\" srcset=\"https:\/\/ehetovadnovenyeink.hu\/wp-content\/uploads\/2021\/10\/typha_angustifolia-2_web.jpg 1200w, https:\/\/ehetovadnovenyeink.hu\/wp-content\/uploads\/2021\/10\/typha_angustifolia-2_web-300x200.jpg 300w, https:\/\/ehetovadnovenyeink.hu\/wp-content\/uploads\/2021\/10\/typha_angustifolia-2_web-768x512.jpg 768w\" sizes=\"(max-width: 1200px) 100vw, 1200px\" \/> <img loading=\"lazy\" decoding=\"async\" class=\"alignnone size-full wp-image-1072\" src=\"https:\/\/ehetovadnovenyeink.hu\/wp-content\/uploads\/2021\/10\/typha_angustifolia-3_web.jpg\" alt=\"\" width=\"1200\" height=\"800\" srcset=\"https:\/\/ehetovadnovenyeink.hu\/wp-content\/uploads\/2021\/10\/typha_angustifolia-3_web.jpg 1200w, https:\/\/ehetovadnovenyeink.hu\/wp-content\/uploads\/2021\/10\/typha_angustifolia-3_web-300x200.jpg 300w, https:\/\/ehetovadnovenyeink.hu\/wp-content\/uploads\/2021\/10\/typha_angustifolia-3_web-768x512.jpg 768w\" sizes=\"(max-width: 1200px) 100vw, 1200px\" \/><\/p>\n","protected":false},"excerpt":{"rendered":"<p>16. Typha angustifolia \u2013 keskenylevel\u0171 gy\u00e9k\u00e9ny \u0150shonos faj, haz\u00e1nk eg\u00e9sz ter\u00fclet\u00e9n megtal\u00e1lhat\u00f3 gy\u00f6kt\u00f6rzses v\u00edzin\u00f6v\u00e9ny. Csatorn\u00e1k, n\u00e1dasok, mocsarak, l\u00e1pok \u00e1llom\u00e1nyalkot\u00f3 faja. Termete el\u00e9rheti a 2,5 m-es magass\u00e1got. Levelei s\u00f6t\u00e9tz\u00f6ld sz\u00edn\u0171ek, legfeljebb 10 mm sz\u00e9lesek, fon\u00e1kjuk er\u0151sen kidomborod\u00f3. Torzsa vir\u00e1gzat\u00e1ban a porz\u00f3s \u00e9s a term\u0151s vir\u00e1gokb\u00f3l \u00e1ll\u00f3 r\u00e9szek t\u00f6bb\u00e9-kev\u00e9sb\u00e9 egyforma 10-40 cm hossz\u00faak \u00e9s 1,5-3 cm sz\u00e9lesek. [&hellip;]<\/p>\n","protected":false},"author":1,"featured_media":0,"parent":0,"menu_order":0,"comment_status":"closed","ping_status":"closed","template":"","meta":{"_monsterinsights_skip_tracking":false,"_monsterinsights_sitenote_active":false,"_monsterinsights_sitenote_note":"","_monsterinsights_sitenote_category":0,"footnotes":""},"_links":{"self":[{"href":"https:\/\/ehetovadnovenyeink.hu\/index.php\/wp-json\/wp\/v2\/pages\/201"}],"collection":[{"href":"https:\/\/ehetovadnovenyeink.hu\/index.php\/wp-json\/wp\/v2\/pages"}],"about":[{"href":"https:\/\/ehetovadnovenyeink.hu\/index.php\/wp-json\/wp\/v2\/types\/page"}],"author":[{"embeddable":true,"href":"https:\/\/ehetovadnovenyeink.hu\/index.php\/wp-json\/wp\/v2\/users\/1"}],"replies":[{"embeddable":true,"href":"https:\/\/ehetovadnovenyeink.hu\/index.php\/wp-json\/wp\/v2\/comments?post=201"}],"version-history":[{"count":3,"href":"https:\/\/ehetovadnovenyeink.hu\/index.php\/wp-json\/wp\/v2\/pages\/201\/revisions"}],"predecessor-version":[{"id":1073,"href":"https:\/\/ehetovadnovenyeink.hu\/index.php\/wp-json\/wp\/v2\/pages\/201\/revisions\/1073"}],"wp:attachment":[{"href":"https:\/\/ehetovadnovenyeink.hu\/index.php\/wp-json\/wp\/v2\/media?parent=201"}],"curies":[{"name":"wp","href":"https:\/\/api.w.org\/{rel}","templated":true}]}}