{"id":193,"date":"2021-10-11T10:22:31","date_gmt":"2021-10-11T10:22:31","guid":{"rendered":"https:\/\/ehetovadnovenyeink.hu\/?page_id=193"},"modified":"2021-10-17T17:09:44","modified_gmt":"2021-10-17T17:09:44","slug":"tussilago-farfara-lokormu-martilapu","status":"publish","type":"page","link":"https:\/\/ehetovadnovenyeink.hu\/index.php\/tussilago-farfara-lokormu-martilapu\/","title":{"rendered":"Tussilago farfara &#8211; l\u00f3k\u00f6rm\u0171 martilapu"},"content":{"rendered":"<p>15. Tussilago farfara &#8211; l\u00f3k\u00f6rm\u0171 martilapu<\/p>\n<p>Magyarorsz\u00e1g eg\u00e9sz ter\u00fclet\u00e9n el\u0151fordul\u00f3, a f\u00e9szekvir\u00e1gzat\u00faak csal\u00e1dj\u00e1ba tartoz\u00f3 faj. Pion\u00edr \u00e9l\u0151helyeken, csupasz, frissen fel\u00e1sott talajfelsz\u00ednen gyakran egyeduralkod\u00f3. Hossz\u00fa, er\u0151teljes gy\u00f6kt\u00f6rzset fejleszt\u0151 n\u00f6v\u00e9ny, levelei hossz\u00fa nyel\u0171ek, a lev\u00e9llemez kerekded, sz\u00edves v\u00e1ll\u00fa, enyh\u00e9n kar\u00e9jos vagy szab\u00e1lytalanul fogazott. A lev\u00e9lfon\u00e1k feh\u00e9ren gyapjas. A vir\u00e1gok a levelek megjelen\u00e9se el\u0151tt kora tavasszal ny\u00edlnak, a p\u00e1rta \u00e9l\u00e9nks\u00e1rga, elny\u00edl\u00e1s ut\u00e1n a vir\u00e1gz\u00f3 sz\u00e1r megny\u00falik, b\u00f3kol. Leveles \u00e1llapotban \u00f6sszet\u00e9veszthet\u0151 az acsalapu fajokkal (Petasites sp.), de a martilapu lev\u00e9lnyel\u00e9nek keresztmetszet\u00e9n az ed\u00e9nynyal\u00e1bok &#8222;U&#8221; alakban helyezkednek el, m\u00edg az acsalapu ed\u00e9nynyal\u00e1bjai sz\u00f3rtan, szab\u00e1lytalanul rendez\u0151dnek a lev\u00e9lkeresztmetszeten. Fiatal levelei sal\u00e1t\u00e1nak, t\u00f6lteni vagy f\u0151zel\u00e9knek hasznos\u00edthat\u00f3k. Vir\u00e1gzat\u00e1t gy\u00f3gyte\u00e1nak haszn\u00e1lj\u00e1k.<\/p>\n<p>Mikor gy\u0171jthet\u0151: vir\u00e1gzatai kora tavasszal, levelei \u00e1prilist\u00f3l m\u00e1jus elej\u00e9ig gy\u0171jthet\u0151k, ut\u00e1na fogyaszt\u00e1sra m\u00e1r alkalmatlanok.<\/p>\n<p>&nbsp;<\/p>\n<p><img loading=\"lazy\" decoding=\"async\" class=\"alignnone wp-image-953 size-large\" src=\"https:\/\/ehetovadnovenyeink.hu\/wp-content\/uploads\/2021\/10\/tussilago_farfara-1200x899.jpg\" alt=\"\" width=\"1200\" height=\"899\" srcset=\"https:\/\/ehetovadnovenyeink.hu\/wp-content\/uploads\/2021\/10\/tussilago_farfara-1200x899.jpg 1200w, https:\/\/ehetovadnovenyeink.hu\/wp-content\/uploads\/2021\/10\/tussilago_farfara-300x225.jpg 300w, https:\/\/ehetovadnovenyeink.hu\/wp-content\/uploads\/2021\/10\/tussilago_farfara-768x575.jpg 768w, https:\/\/ehetovadnovenyeink.hu\/wp-content\/uploads\/2021\/10\/tussilago_farfara.jpg 1523w\" sizes=\"(max-width: 1200px) 100vw, 1200px\" \/><\/p>\n<p><a href=\"https:\/\/www.flickr.com\/photos\/132346665@N03\/17257031272\/in\/photolist-shWNaW-xhd5oU-qtbiD7-xA2ULM-xJvd4X-TZacA3-y8Jyvb-xBRZ6M-sHARRp-diY2KX-xFJiPT-xBLijT-xDAPaZ-tjpBus-vNxVSi-xzceJK-xUcryz-xS3C6G-xoqXfG-xKs6Ro-x4QmnC-rxLSNR-w3xLSz-xB2BZ4-xUohJH-x6tD9o-xsB1RW-x8625k-xKs7us-xqiwU5-rq5Ke5-xGReQ5-xGSZy5-xz5aLv-xBnjzS-owCazr-xn4TLw-wm8mxn-xCX9Fm-xA2bq6-77HTmQ-wN3AGi-w3G6pw-t7fD92-xhUGmH-wKuT5u-wPKytj-oeeSZf-xBk69n-wakT4W\">Tussilago farfara<\/a> &#8211; l\u00f3k\u00f6rm\u0171 martilapu<\/p>\n<p><img loading=\"lazy\" decoding=\"async\" class=\"alignnone size-full wp-image-950\" src=\"https:\/\/ehetovadnovenyeink.hu\/wp-content\/uploads\/2021\/10\/tussilago_farfara-4_WEB0466.jpg\" alt=\"\" width=\"1200\" height=\"800\" srcset=\"https:\/\/ehetovadnovenyeink.hu\/wp-content\/uploads\/2021\/10\/tussilago_farfara-4_WEB0466.jpg 1200w, https:\/\/ehetovadnovenyeink.hu\/wp-content\/uploads\/2021\/10\/tussilago_farfara-4_WEB0466-300x200.jpg 300w, https:\/\/ehetovadnovenyeink.hu\/wp-content\/uploads\/2021\/10\/tussilago_farfara-4_WEB0466-768x512.jpg 768w\" sizes=\"(max-width: 1200px) 100vw, 1200px\" \/> <img loading=\"lazy\" decoding=\"async\" class=\"alignnone size-full wp-image-951\" src=\"https:\/\/ehetovadnovenyeink.hu\/wp-content\/uploads\/2021\/10\/tussilago_farfara-6_WEB0468.jpg\" alt=\"\" width=\"1200\" height=\"800\" srcset=\"https:\/\/ehetovadnovenyeink.hu\/wp-content\/uploads\/2021\/10\/tussilago_farfara-6_WEB0468.jpg 1200w, https:\/\/ehetovadnovenyeink.hu\/wp-content\/uploads\/2021\/10\/tussilago_farfara-6_WEB0468-300x200.jpg 300w, https:\/\/ehetovadnovenyeink.hu\/wp-content\/uploads\/2021\/10\/tussilago_farfara-6_WEB0468-768x512.jpg 768w\" sizes=\"(max-width: 1200px) 100vw, 1200px\" \/><\/p>\n<p><img loading=\"lazy\" decoding=\"async\" class=\"alignnone wp-image-949 size-large\" src=\"https:\/\/ehetovadnovenyeink.hu\/wp-content\/uploads\/2021\/10\/tussilago_farfaraII-748x1200.jpg\" alt=\"\" width=\"748\" height=\"1200\" srcset=\"https:\/\/ehetovadnovenyeink.hu\/wp-content\/uploads\/2021\/10\/tussilago_farfaraII-748x1200.jpg 748w, https:\/\/ehetovadnovenyeink.hu\/wp-content\/uploads\/2021\/10\/tussilago_farfaraII-187x300.jpg 187w, https:\/\/ehetovadnovenyeink.hu\/wp-content\/uploads\/2021\/10\/tussilago_farfaraII-768x1232.jpg 768w, https:\/\/ehetovadnovenyeink.hu\/wp-content\/uploads\/2021\/10\/tussilago_farfaraII-957x1536.jpg 957w, https:\/\/ehetovadnovenyeink.hu\/wp-content\/uploads\/2021\/10\/tussilago_farfaraII-1277x2048.jpg 1277w, https:\/\/ehetovadnovenyeink.hu\/wp-content\/uploads\/2021\/10\/tussilago_farfaraII.jpg 1304w\" sizes=\"(max-width: 748px) 100vw, 748px\" \/><\/p>\n<p><a href=\"https:\/\/www.flickr.com\/photos\/biodivlibrary\/27405619686\/in\/photolist-HKJXWf-pfH24P-KgY96B-bC7veu-LguN9E-bHay58-ahYVYZ-ouHyei-2iwJaCR-2kK2TXp-9xtVGm-2jj3vF9-2kpnBYF-xHoCDq-2jGw8b6-tBdzPA-oeJDz9-xstFgm-oeTJhN-t4Jm6H-2iVrPCE-oeQ9AX-ovNeHo-ZRosDt-oui15h-xrFqJS-oezyWE-ovNfB4-od7ge6-xNdY67-od7173-t4CTAE-u3WqkK-wXoFMW-odaN3c-xKtSCD-wVKFTY-tnQhN9-wbhW6B-tnRrUA-xjSpHz-rpfouf-xBnuxr-saGy5s-xnkg96-xSKB2e-abJJtD-xTeVYY-xBRZLK-shWNaW\">Tussilago farfara<\/a> &#8211; l\u00f3k\u00f6rm\u0171 martilapu<\/p>\n","protected":false},"excerpt":{"rendered":"<p>15. Tussilago farfara &#8211; l\u00f3k\u00f6rm\u0171 martilapu Magyarorsz\u00e1g eg\u00e9sz ter\u00fclet\u00e9n el\u0151fordul\u00f3, a f\u00e9szekvir\u00e1gzat\u00faak csal\u00e1dj\u00e1ba tartoz\u00f3 faj. Pion\u00edr \u00e9l\u0151helyeken, csupasz, frissen fel\u00e1sott talajfelsz\u00ednen gyakran egyeduralkod\u00f3. Hossz\u00fa, er\u0151teljes gy\u00f6kt\u00f6rzset fejleszt\u0151 n\u00f6v\u00e9ny, levelei hossz\u00fa nyel\u0171ek, a lev\u00e9llemez kerekded, sz\u00edves v\u00e1ll\u00fa, enyh\u00e9n kar\u00e9jos vagy szab\u00e1lytalanul fogazott. A lev\u00e9lfon\u00e1k feh\u00e9ren gyapjas. A vir\u00e1gok a levelek megjelen\u00e9se el\u0151tt kora tavasszal ny\u00edlnak, a [&hellip;]<\/p>\n","protected":false},"author":1,"featured_media":0,"parent":0,"menu_order":0,"comment_status":"closed","ping_status":"closed","template":"","meta":{"_monsterinsights_skip_tracking":false,"_monsterinsights_sitenote_active":false,"_monsterinsights_sitenote_note":"","_monsterinsights_sitenote_category":0,"footnotes":""},"_links":{"self":[{"href":"https:\/\/ehetovadnovenyeink.hu\/index.php\/wp-json\/wp\/v2\/pages\/193"}],"collection":[{"href":"https:\/\/ehetovadnovenyeink.hu\/index.php\/wp-json\/wp\/v2\/pages"}],"about":[{"href":"https:\/\/ehetovadnovenyeink.hu\/index.php\/wp-json\/wp\/v2\/types\/page"}],"author":[{"embeddable":true,"href":"https:\/\/ehetovadnovenyeink.hu\/index.php\/wp-json\/wp\/v2\/users\/1"}],"replies":[{"embeddable":true,"href":"https:\/\/ehetovadnovenyeink.hu\/index.php\/wp-json\/wp\/v2\/comments?post=193"}],"version-history":[{"count":4,"href":"https:\/\/ehetovadnovenyeink.hu\/index.php\/wp-json\/wp\/v2\/pages\/193\/revisions"}],"predecessor-version":[{"id":955,"href":"https:\/\/ehetovadnovenyeink.hu\/index.php\/wp-json\/wp\/v2\/pages\/193\/revisions\/955"}],"wp:attachment":[{"href":"https:\/\/ehetovadnovenyeink.hu\/index.php\/wp-json\/wp\/v2\/media?parent=193"}],"curies":[{"name":"wp","href":"https:\/\/api.w.org\/{rel}","templated":true}]}}